{"id":20,"date":"2012-08-19T16:29:08","date_gmt":"2012-08-19T14:29:08","guid":{"rendered":"http:\/\/www.rifiutizerocapannori.it\/rifiutizero\/?page_id=20"},"modified":"2012-08-19T16:29:26","modified_gmt":"2012-08-19T14:29:26","slug":"20-2","status":"publish","type":"page","link":"https:\/\/www.rifiutizerocapannori.it\/rifiutizero\/20-2\/","title":{"rendered":"Formazione"},"content":{"rendered":"<p>I\u00a0<strong>10 passi della strategia Rifiuti Zero<\/strong>\u00a0costituiscono mete\u00a0<strong>operative<\/strong>,\u00a0<strong>tecniche<\/strong>\u00a0e\u00a0<strong>politiche<\/strong>. Gli attori per una strategia Rifiuti Zero efficace sono quindi molti; non \u00e8 solo un servizio da erogare, \u00e8 una cultura da far crescere, sono scelte da condividere. Per trasformare la complessit\u00e0 del tema in ricchezza per la comunit\u00e0, il Centro di Ricerca Rifiuti Zero propone percorsi divulgativi e di approfondimento, fino a incontri specializzati su specifici problemi locali.<\/p>\n<p>L&#8217;associazione\u00a0<strong>Ambiente e Futuro per Rifiuti Zero<\/strong>, a cui il\u00a0<strong>Comune di Capannori<\/strong>\u00a0ha assegnato il progetto di coordinamento del\u00a0<strong>Centro di Ricerca Rifiuti Zero<\/strong>, \u00e8 responsabile dell\u2019offerta formativa, tenuta da esperti del comitato scientifico, dal team operativo e da professionisti\u00a0specificamente autorizzati dal Centro di Ricerca Rifiuti Zero di Capannori.<br \/>\nDIVULGARE<\/p>\n<p><strong>Modulo SCUOLE E CITTADINI<\/strong><\/p>\n<p><strong>A chi interessa?\u00a0<\/strong><br \/>\nAlle scuole &#8211; di diverso livello; in questo caso, a seconda del livello si individuano modalit\u00e0 differenti, ludiche per i pi\u00f9 piccoli, sperimentali per i pi\u00f9 grandi.<br \/>\nMa anche alle aggregazioni di cittadini, ai Consigli di Zona, ai condomini, alle associazioni, alle amministrazioni pubbliche per incontri cittadini informativi.<\/p>\n<p><strong>Durata:\u00a0<\/strong>2 ore<br \/>\n<strong>Costo:<\/strong>\u00a0rimborso spese (vitto, alloggio, viaggio, per una persona) nel caso di un solo incontro.<br \/>\nNel caso di una programmazione di pi\u00f9 incontri, ad esempio per le scuole, orientativamente il costo \u00e8 costituito dal rimborso delle spese e dalle risorse umane, da valutare nel complesso del progetto.<br \/>\nAPPROFONDIRE<\/p>\n<p><strong>Modulo POLICY<\/strong><\/p>\n<p><strong>A chi interessa?\u00a0<\/strong><br \/>\nIl modulo \u00e8 di interesse per gli amministratori che intendono promuovere l&#8217;adesione alla strategia Rifiuti Zero nel proprio Comune o in cui questa sia stata gi\u00e0 deliberata e si voglia sviluppare un percorso operativo. Il modulo \u00e8 centrato sulle principali questioni di policy in modo da permettere agli amministratori di affrontare le questioni con un buon livello di conoscenza delle implicazioni che ciascun passo implica.<\/p>\n<p><strong>Contenuti<\/strong><\/p>\n<ul>\n<li>Il contesto di policy internazionale<\/li>\n<li>Il movimento italiano e i casi dei comuni aderenti<\/li>\n<li>I dieci passi verso Rifiuti Zero<\/li>\n<li>Elementi infrastrutturali: perch\u00e9 diciamo no (agli inceneritori, alle discariche, ai trattamenti di gassificazione, di pirolisi&#8230;)<\/li>\n<li>Elementi gestionali; La TIA, da presunta a puntuale<\/li>\n<li>Elementi economici: sfatare i miti, costi e mercato di Rifiuti Zero<\/li>\n<li>Elementi ambientali: oltre lo spreco, verso la sostenibilit\u00e0 ambientale e sociale<\/li>\n<li>Scenari per la creazione di un mercato stabile: verso un distretto del riciclaggio<\/li>\n<li>l ruolo del Centro di ricerca Rifiuti Zero &#8211; casi studio e possibili progetti comuni<\/li>\n<li>Come si aderisce a Rifiuti Zero (procedure e responsabilit\u00e0) e cosa succede dopo<\/li>\n<\/ul>\n<p>&nbsp;<\/p>\n<p>*possibilit\u00e0 di visita a casi positivi di maggiore interesse<\/p>\n<p><strong>Durata:<\/strong>\u00a04 ore<br \/>\n<strong>Luogo:<\/strong>\u00a0Centro di Ricerca Rifiuti Zero Capannori<\/p>\n<p>&nbsp;<\/p>\n<p><strong>Modulo TECNICO<\/strong><\/p>\n<p><strong>A chi interessa?<\/strong><br \/>\nIl modulo \u00e8 rivolto prevalentemente a personale tecnico delle amministrazioni e delle aziende (pubbliche o private) appartenenti alla filiera del rifiuto di una Amministrazione che abbia gi\u00e0 aderito o sia interessata ad aderire alla strategia Rifiuti Zero.<\/p>\n<p><strong>Contenuti<\/strong><\/p>\n<ul>\n<li>Infrastrutture\n<ul>\n<li>Perch\u00e9 no agli inceneritori, alle discariche, ai trattamenti di gassificazione, di pirolisi, di torcia al plasma, ecc.<\/li>\n<li>Perch\u00e9 s\u00ec al trattamento a freddo. Come riconvertire gli impianti esistenti.<\/li>\n<\/ul>\n<\/li>\n<li>Raccolta\n<ul>\n<li>Organizzare la raccolta differenziata. Problemi ed esempi<\/li>\n<li>Raccolte selettive e qualit\u00e0 merceologica, diversificare i flussi<\/li>\n<\/ul>\n<\/li>\n<li>La filiera del rifiuto e l\u2019interazione con altre filiere (es. filiera corta)<\/li>\n<li>Sfatare i miti: costi e mercato di Rifiuti Zero<\/li>\n<li>Buone pratiche nazionali e internazionali di compostaggio, riciclaggio, recupero, raccolte selettive, analisi del residuo<\/li>\n<li>Laboratorio: applico i 10 passi di Rifiuti Zero nel mio Comune<\/li>\n<\/ul>\n<p>&nbsp;<\/p>\n<p>*possibilit\u00e0 di visita a casi positivi di maggior interesse<\/p>\n<p><strong>Durata:\u00a0<\/strong>8 ore<br \/>\n<strong>Luogo:<\/strong>\u00a0Centro di Ricerca Rifiuti Zero Capannori<\/p>\n<p>&nbsp;<\/p>\n<p><strong>Modulo PROGETTO<\/strong><\/p>\n<p><strong>A chi interessa?<\/strong><br \/>\nIl modulo \u00e8 rivolto ad amministratori e tecnici che vogliano affrontare un percorso operativo, consapevoli che il tema rifiuti \u00e8 da valutare da vari punti di vista, con molteplici strumenti e progetti e con il coinvolgimento di pi\u00f9 attori, pubblici e privati, locali e non. Si affronta quindi una dimensione progettuale che si tende a calare nelle situazioni reali delle amministrazioni partecipanti. I partecipanti possono provenire da Amministrazioni che abbiano gi\u00e0 aderito o siano interessati ad aderire alla strategia Rifiuti Zero.<\/p>\n<p>&nbsp;<\/p>\n<ul>\n<li>Lo sviluppo della strategia rifiuti zero come strumento per lo sviluppo di impresa e lavoro a livello locale: i lavori verdi<\/li>\n<li>Come creare un mercato stabile verso un distretto del riciclaggio: consorzi di filiera, Green Public Procurement, ecc.<\/li>\n<li>Buone pratiche. Riciclaggio, prevenzione, riduzione, analisi del residuo, riprogettazione, riparazione e riuso.<\/li>\n<li>Il ruolo del Centro di ricerca Rifiuti Zero: casi studio per la riprogettazione di prodotti non riciclabili o non compostabili, verso la responsabilit\u00e0 estesa del produttore<\/li>\n<li>Laboratorio di progettazione simulata applicata a casi concreti concordati con i partecipanti<\/li>\n<\/ul>\n<p>&nbsp;<\/p>\n<p>*possibilit\u00e0 di visita a casi positivi di maggiore interesse<\/p>\n<p><strong>Durata:<\/strong>\u00a08 ore<br \/>\n<strong>Luogo<\/strong>: Centro di Ricerca Rifiuti Zero Capannori<\/p>\n<p>&nbsp;<\/p>\n<p><strong>Seminari SPECIALISTICI<\/strong><\/p>\n<p>I seminari sono dedicati alle Amministrazioni aderenti alla strategia Rifiuti Zero e affrontano tematiche specifiche di interesse dell\u2019amministrazione richiedente.<br \/>\nE\u2019 quindi da prevedere una visita preliminare per definire il tema\/problema e concordarne lo sviluppo.<br \/>\nLuogo del seminario: l\u2019Amministrazione richiedente<\/p>\n<p>&nbsp;<\/p>\n<p><strong>STUDY TOUR<\/strong><\/p>\n<p>L\u2019attivit\u00e0 formativa pu\u00f2 prevedere un viaggio di apprendimento per amministratori e tecnici, per vedere casi nazionali e internazionali di interesse e discutere con i responsabili problematiche e vantaggi gestionali. Il viaggio viene progettato in funzione degli interessi del gruppo partecipante.<\/p>\n<p><strong>Per richiedere informazioni o per segnalare interesse alle attivit\u00e0 formative:\u00a0<\/strong>Patrizia Pappalardo e Rossano Ercolini<br \/>\n<strong>e-mail<\/strong>:\u00a0<a href=\"mailto:formazione@rifiutizerocapannori.it\">formazione@rifiutizerocapannori.it<\/a><\/p>\n<p><strong>Formazione Rifiuti Zero:<\/strong>\u00a0attivit\u00e0 promossa e organizzata da\u00a0<strong>Ambiente e Futuro per Rifiuti Zero &#8211; Centro di Ricerca Rifiuti Zero Capannori<\/strong><\/p>\n<div><strong><br \/>\n<\/strong><\/div>\n","protected":false},"excerpt":{"rendered":"<p>I\u00a010 passi della strategia Rifiuti Zero\u00a0costituiscono mete\u00a0operative,\u00a0tecniche\u00a0e\u00a0politiche. Gli attori per una strategia Rifiuti Zero efficace sono quindi molti; non \u00e8 solo un servizio da erogare, \u00e8 una cultura da far crescere, sono scelte da condividere. Per trasformare la complessit\u00e0 del tema in ricchezza per la comunit\u00e0, il Centro di Ricerca Rifiuti Zero propone percorsi divulgativi [&hellip;]<\/p>\n","protected":false},"author":1,"featured_media":0,"parent":0,"menu_order":0,"comment_status":"open","ping_status":"open","template":"","meta":{"footnotes":""},"class_list":["post-20","page","type-page","status-publish","hentry"],"_links":{"self":[{"href":"https:\/\/www.rifiutizerocapannori.it\/rifiutizero\/wp-json\/wp\/v2\/pages\/20","targetHints":{"allow":["GET"]}}],"collection":[{"href":"https:\/\/www.rifiutizerocapannori.it\/rifiutizero\/wp-json\/wp\/v2\/pages"}],"about":[{"href":"https:\/\/www.rifiutizerocapannori.it\/rifiutizero\/wp-json\/wp\/v2\/types\/page"}],"author":[{"embeddable":true,"href":"https:\/\/www.rifiutizerocapannori.it\/rifiutizero\/wp-json\/wp\/v2\/users\/1"}],"replies":[{"embeddable":true,"href":"https:\/\/www.rifiutizerocapannori.it\/rifiutizero\/wp-json\/wp\/v2\/comments?post=20"}],"version-history":[{"count":2,"href":"https:\/\/www.rifiutizerocapannori.it\/rifiutizero\/wp-json\/wp\/v2\/pages\/20\/revisions"}],"predecessor-version":[{"id":22,"href":"https:\/\/www.rifiutizerocapannori.it\/rifiutizero\/wp-json\/wp\/v2\/pages\/20\/revisions\/22"}],"wp:attachment":[{"href":"https:\/\/www.rifiutizerocapannori.it\/rifiutizero\/wp-json\/wp\/v2\/media?parent=20"}],"curies":[{"name":"wp","href":"https:\/\/api.w.org\/{rel}","templated":true}]}}