{"id":7,"date":"2012-08-19T16:18:42","date_gmt":"2012-08-19T14:18:42","guid":{"rendered":"http:\/\/www.rifiutizerocapannori.it\/rifiutizero\/?page_id=7"},"modified":"2012-09-27T12:16:58","modified_gmt":"2012-09-27T10:16:58","slug":"comitato-scientifico","status":"publish","type":"page","link":"https:\/\/www.rifiutizerocapannori.it\/rifiutizero\/comitato-scientifico\/","title":{"rendered":"Comitato scientifico"},"content":{"rendered":"<p><strong><em><img loading=\"lazy\" decoding=\"async\" class=\"alignleft size-full wp-image-251\" title=\"paul\" src=\"https:\/\/www.rifiutizerocapannori.it\/rifiutizero\/wp-content\/uploads\/2012\/08\/paul.png\" alt=\"\" width=\"130\" height=\"130\" \/>Professor Paul Connett<\/em><\/strong>\u00a0 &#8211; Presidente del Comitato Scientifico.\u00a0Professore emerito dell&#8217;Universit\u00e0 di San Lawrence (Canton-Stato di NY). Ha insegnato dal 1983 Chimica Generale Ambientale e Tossicologia. Ha prodotto pubblicazioni su importanti riviste scientifiche quali &#8220;Chemosfere&#8221; relative agli effetti tossici di diossine, furani e metalli pesanti. Ha pubblicato anche, proprio nel 2010, un lavoro scientifico relativo agli effetti tossici della fluoridificazione dell&#8217;acqua potabile (problema non presente in Italia) intitolato &#8220;The case against fluoride&#8221;.<\/p>\n<p>In qualit\u00e0 di esperto e di attivista \u00e8 stato invitato in 48 Stati degli USA, in 47 Paesi a livello internazionale e in 2001 tra citt\u00e0 e capoluoghi italiani a tenere oltre 2000 conferenze. Nel gennaio e nel maggio 2010 \u00e8 stato invitato dalle Nazioni Unite (ONU) a tenere la presentazione della Strategia Rifiuti Zero. In ottobre 2010 \u00e8 stato invitato a tenere analoghe presentazioni alla Camera dei Comuni in Gran Bretagna e al Parlamento Europeo. Dal 1996 collabora con Ambiente e Futuro e dal 2007 con il Comune di Capannori in veste di presidente dell&#8217;Osservatorio verso Rifiuti Zero istituito con delibera comunale.<\/p>\n<p>&nbsp;<\/p>\n<div><\/div>\n<p><strong><em><img loading=\"lazy\" decoding=\"async\" class=\"alignleft size-full wp-image-252\" title=\"roberto_cavallo\" src=\"https:\/\/www.rifiutizerocapannori.it\/rifiutizero\/wp-content\/uploads\/2012\/08\/roberto_cavallo.png\" alt=\"\" width=\"130\" height=\"146\" \/>Roberto Cavallo<\/em>\u00a0&#8211;\u00a0<\/strong>Dottore in Scienze Agrarie Universit\u00e0 di Torino.\u00a0Dal 1994 al 1997 professore incaricato di microbiologia enologica al diploma di laurea in Viticultura ed Enologia Universit\u00e0 di Torino. Dal 1997 al 1999 assessore all\u2019ambiente, agricoltura e protezione civile al Comune di Alba. Fondatore e presidente di ERICA soc. coop. azienda leader nella consulenza tecnica e comunicazione ambientale con oltre 1.500 amministrazioni pubbliche servite in Italia, Francia, Spagna, Belgio, Centro e Sud America e Africa. Dal 2002 presidente di AICA (Associazione Internazionale per la Comunicazione Ambientale). Dal giugno 2003 membro del consiglio direttivo dell\u2019ACR+ (Association Cities and Regions for Recycling and Sustainable Management of Resources) di Bruxelles).<\/p>\n<p>Autore di oltre 60 pubblicazioni sui temi ambientali e naturalistici, in particolare sulla gestione integrata dei rifiuti e la comunicazione ambientale. Relatore a oltre 120 convegni nazionali ed internazionali. Consulente di alcune trasmissioni radio televisive sui temi ambientali. Membro di alcuni comitati scientifici di progetti internazionali e riviste di settore. Valutatore esperto della Commissione europea per il 5\u00b0 &#8211; 6\u00b0 e 7\u00b0 programma quadro di ricerca e sviluppo.<\/p>\n<p><strong><em><br \/>\n<\/em><\/strong><\/p>\n<div><\/div>\n<p><strong><em><a href=\"https:\/\/www.rifiutizerocapannori.it\/rifiutizero\/wp-content\/uploads\/2012\/08\/enzo.png\"><img loading=\"lazy\" decoding=\"async\" class=\"alignleft size-full wp-image-253\" title=\"enzo\" src=\"https:\/\/www.rifiutizerocapannori.it\/rifiutizero\/wp-content\/uploads\/2012\/08\/enzo.png\" alt=\"\" width=\"130\" height=\"173\" \/><\/a>Enzo Favoino<\/em>\u00a0<\/strong>&#8211;<em>Scuola Agraria del Parco di Monza<\/em>\u00a0| Viale Cavriga 3, 20052 Monza (MI) |E-mail:\u00a0<a href=\"mailto:enzofavoino@alice.it\">enzofavoino@alice.it<\/a><br \/>\nEnzo Favoino, opera dal 1990 in qualit\u00e0 di tecnico e ricercatore presso la Scuola Agraria del Parco di Monza, un centro di ricerca che ha avuto un ruolo fondamentale in Italia ed Europa per lo sviluppo ed il consolidamento delle pratiche di raccolta differenziata, riciclaggio, compostaggio, riduzione. Assieme ai colleghi, ha progettato, realizzato e coordinato diversi programmi operativi nel settore della gestione sostenibile dei rifiuti, sviluppando strategie innovative per l&#8217;organizzazione dei circuiti di raccolta.<\/p>\n<p>Da tempo ha portato le competenze e conoscenze sviluppate anche in ambito internazionale, operando per la definizione di strategie di sostenibilit\u00e0, la realizzazione di circuiti pilota di raccolta differenziata e compostaggio, la definizione della legislazione di settore, la formazione di tecnici e decisori. E\u2019 tra i fondatori dell\u2019ECN (European Compost Network) ed \u00e8 attualmente il coordinatore del Comitato Scientifico del Centro di Ricerca Rifiuti Zero. Per il ruolo innovatore nei sistemi di raccolta differenziata e riciclaggio, nel 2007 Favoino \u00e8 stato inserito tra i 50 \u201cPionieri del Riciclo\u201d scelti a livello nazionale, ricevendo il relativo premio.<\/p>\n<p><strong>\u00a0<\/strong><\/p>\n<p><strong><em>Riccardo Pensa<\/em><\/strong>\u00a0\u00e8 dottore di ricerca in Storia e Sociologia della Modernit\u00e0 presso il Dipartimento di Scienze Politiche e Sociali dell\u2019Universit\u00e0 di Pisa. I suoi studi hanno riguardato consumismo, media, cultura di massa, movimenti controculturali. Lavora alla Fondazione Volontariato e Partecipazione dove si occupa di volontariato, protezione civile e tutela dell\u2019ambiente.<\/p>\n<p>&nbsp;<\/p>\n<p><strong><em><img loading=\"lazy\" decoding=\"async\" class=\"alignleft size-full wp-image-254\" title=\"raphael\" src=\"https:\/\/www.rifiutizerocapannori.it\/rifiutizero\/wp-content\/uploads\/2012\/08\/raphael.png\" alt=\"\" width=\"200\" height=\"164\" \/>Raphael Rossi<\/em>\u00a0<\/strong>\u00e8 un tecnico che da anni si occupa di raccolte differenziate di rifiuti ed in particolare di raccolte domiciliari. In passato ha lavorato per la\u00a0<strong>Scuola Agraria del Parco di Monza<\/strong>, mentre oggi \u00e8 un tecnico della Esper,\u00a0<strong>Ente di Studio per la Pianificazione Ecosostenibile dei Rifiuti<\/strong>.<\/p>\n<p>Dal 2003 al 2010 \u00e8 stato componente il CdA e poi vicepresidente della\u00a0<strong>Amiat spa di Torino<\/strong>, che in quel periodo ha attivato sistemi di raccolta domiciliari per 410.000 abitanti e su questi ha raggiunto una media del 59% di RD portando la media cittadina al 43%.<br \/>\nRaphael Rossi ha seguito l\u2019attivazione di sistemi di raccolta domiciliari per le citt\u00e0 di\u00a0<strong>Asti<\/strong>,\u00a0<strong>Alessandria<\/strong>,\u00a0<strong>Bari<\/strong>,\u00a0<strong>Savona<\/strong>,\u00a0<strong>Trento<\/strong>,<strong>Torino<\/strong>\u00a0e\u00a0<strong>Roma<\/strong>, oltre a collaborare con numerose Regioni, Province, ATO e Consorzi. Quando nel 2007, nel pieno della emergenza rifiuti si \u00e8 deciso di attivare la raccolta differenziata a Napoli egli \u00e8 stato chiamato alla progettazione e ha collaborato alla attivazione dei primi 35.000 abitanti con risultati superiori al 70%.<\/p>\n<p>&nbsp;<\/p>\n<p><strong><em><img loading=\"lazy\" decoding=\"async\" class=\"alignleft size-full wp-image-255\" title=\"andrea_segre\" src=\"https:\/\/www.rifiutizerocapannori.it\/rifiutizero\/wp-content\/uploads\/2012\/08\/andrea_segre.png\" alt=\"\" width=\"130\" height=\"178\" \/>Andrea Segr\u00e8<\/em><\/strong>\u00a0(Trieste, 1961) \u00e8 un accademico, economista e agronomo italiano, docente di politica agraria, politiche dello sviluppo agricolo, e agricultural policies presso la Facolt\u00e0 di Agraria e di Statistica dell&#8217;Universit\u00e0 di Bologna.<\/p>\n<p>Dopo essersi interessato all\u2019analisi dei modelli di consumo e dei sistemi agroalimentari nelle economie occidentali si \u00e8 occupato dei processi di transizione dall&#8217;economia pianificata a quella di mercato dei sistemi economico-agricoli nei paesi dell&#8217;ex socialismo reale, ricerca nella quale svolge un ruolo da capofila. Dal 1990 al 1999, ho rappresentato l\u2019Italia all\u2019OECD a Parigi. L&#8217;attivit\u00e0 di ricerca ha negli anni spaziato, inoltre, in vari ambiti comprendendo lo studio e soprattutto la critica, come in \u201cI signori della transizione\u201d (Stampa alternativa 1999) e \u201cIl laboratorio albanese\u201d (Besa 1999), del sistema degli aiuti pubblici allo sviluppo agricolo alimentare internazionale. A partire dalla fine degli anni &#8217;90 ha concentrato la sua attivit\u00e0 di analisi e di ricerca applicata nel campo degli sprechi di risorse nei paesi sviluppati e in via di sviluppo.<\/p>\n<p>Quest&#8217;ultimo ambito di ricerca ha portato all&#8217;ideazione e alla promozione dei progetti <strong>Last Minute Market<\/strong> per il recupero a fini benefici dei prodotti alimentari e non alimentari invenduti, progetto che ha permesso a Segr\u00e8 di indossare le vesti di capofila nella lotta allo spreco, come \u00e8 stato definito in diversi servizi televisivi, radiofonici e in alcuni libri. Nel 2010 ha promosso le iniziative &#8220;Un anno contro lo spreco&#8221; patrocinate dal Parlamento Europeo, Commissione Agricoltura e Sviluppo Rurale: la prima giornata europea contro lo spreco \u00e8 programmata a Bruxelles il 28 ottobre 2010 e si pone come obiettivo la sensibilizzazione dell&#8217;opinione pubblica europea sulle cause e le conseguenze dello spreco, sulle modalit\u00e0 per ridurlo e la promozione di una cultura orientata ai principi della sostenibilit\u00e0. Nell&#8217;ambito dlle iniziative programmate \u00e8 andata in scena -Spr+Eco, uno spettacolo teatrale di Andrea Segr\u00e8 e Massimo Cirri, autore e conduttore di Caterpillar, spettacolo dedicato ai temi dello spreco quotidiano. La regia \u00e8 di Angelo Generali, le canzoni di Marco Minna e le immagini di Altan. Lo spettacolo \u00e8 andato in scena per la prima volta il 21 febbraio 2010 al salone del Podest\u00e0 a Bologna.<\/p>\n<p>&nbsp;<\/p>\n<p>e\u00a0<strong><em><strong><em><strong><em>Paolo Deganello,\u00a0<\/em><\/strong>Paolo Guarnaccia,\u00a0<\/em><\/strong>Michele Piccini.<\/em><\/strong><\/p>\n<div><span style=\"color: #000000; font-family: 'Trebuchet MS', sans-serif; font-size: 11.818181991577148px; font-style: normal; line-height: 15.454545021057129px; background-color: #ffffff;\"><br \/>\n<\/span><\/div>\n","protected":false},"excerpt":{"rendered":"<p>Professor Paul Connett\u00a0 &#8211; Presidente del Comitato Scientifico.\u00a0Professore emerito dell&#8217;Universit\u00e0 di San Lawrence (Canton-Stato di NY). Ha insegnato dal 1983 Chimica Generale Ambientale e Tossicologia. Ha prodotto pubblicazioni su importanti riviste scientifiche quali &#8220;Chemosfere&#8221; relative agli effetti tossici di diossine, furani e metalli pesanti. Ha pubblicato anche, proprio nel 2010, un lavoro scientifico relativo agli [&hellip;]<\/p>\n","protected":false},"author":1,"featured_media":0,"parent":0,"menu_order":0,"comment_status":"open","ping_status":"open","template":"","meta":{"footnotes":""},"class_list":["post-7","page","type-page","status-publish","hentry"],"_links":{"self":[{"href":"https:\/\/www.rifiutizerocapannori.it\/rifiutizero\/wp-json\/wp\/v2\/pages\/7","targetHints":{"allow":["GET"]}}],"collection":[{"href":"https:\/\/www.rifiutizerocapannori.it\/rifiutizero\/wp-json\/wp\/v2\/pages"}],"about":[{"href":"https:\/\/www.rifiutizerocapannori.it\/rifiutizero\/wp-json\/wp\/v2\/types\/page"}],"author":[{"embeddable":true,"href":"https:\/\/www.rifiutizerocapannori.it\/rifiutizero\/wp-json\/wp\/v2\/users\/1"}],"replies":[{"embeddable":true,"href":"https:\/\/www.rifiutizerocapannori.it\/rifiutizero\/wp-json\/wp\/v2\/comments?post=7"}],"version-history":[{"count":5,"href":"https:\/\/www.rifiutizerocapannori.it\/rifiutizero\/wp-json\/wp\/v2\/pages\/7\/revisions"}],"predecessor-version":[{"id":420,"href":"https:\/\/www.rifiutizerocapannori.it\/rifiutizero\/wp-json\/wp\/v2\/pages\/7\/revisions\/420"}],"wp:attachment":[{"href":"https:\/\/www.rifiutizerocapannori.it\/rifiutizero\/wp-json\/wp\/v2\/media?parent=7"}],"curies":[{"name":"wp","href":"https:\/\/api.w.org\/{rel}","templated":true}]}}

<p><strong><em><img loading="lazy" decoding="async" class="alignleft size-full wp-image-251" title="paul" src="https://www.rifiutizerocapannori.it/rifiutizero/wp-content/uploads/2012/08/paul.png" alt="" width="130" height="130" />Professor Paul Connett</em></strong>  &#8211; Presidente del Comitato Scientifico. Professore emerito dell&#8217;Università di San Lawrence (Canton-Stato di NY). Ha insegnato dal 1983 Chimica Generale Ambientale e Tossicologia. Ha prodotto pubblicazioni su importanti riviste scientifiche quali &#8220;Chemosfere&#8221; relative agli effetti tossici di diossine, furani e metalli pesanti. Ha pubblicato anche, proprio nel 2010, un lavoro scientifico relativo agli effetti tossici della fluoridificazione dell&#8217;acqua potabile (problema non presente in Italia) intitolato &#8220;The case against fluoride&#8221;.</p>
<p>In qualità di esperto e di attivista è stato invitato in 48 Stati degli USA, in 47 Paesi a livello internazionale e in 2001 tra città e capoluoghi italiani a tenere oltre 2000 conferenze. Nel gennaio e nel maggio 2010 è stato invitato dalle Nazioni Unite (ONU) a tenere la presentazione della Strategia Rifiuti Zero. In ottobre 2010 è stato invitato a tenere analoghe presentazioni alla Camera dei Comuni in Gran Bretagna e al Parlamento Europeo. Dal 1996 collabora con Ambiente e Futuro e dal 2007 con il Comune di Capannori in veste di presidente dell&#8217;Osservatorio verso Rifiuti Zero istituito con delibera comunale.</p>
<p>&nbsp;</p>
<div></div>
<p><strong><em><img loading="lazy" decoding="async" class="alignleft size-full wp-image-252" title="roberto_cavallo" src="https://www.rifiutizerocapannori.it/rifiutizero/wp-content/uploads/2012/08/roberto_cavallo.png" alt="" width="130" height="146" />Roberto Cavallo</em> &#8211; </strong>Dottore in Scienze Agrarie Università di Torino. Dal 1994 al 1997 professore incaricato di microbiologia enologica al diploma di laurea in Viticultura ed Enologia Università di Torino. Dal 1997 al 1999 assessore all’ambiente, agricoltura e protezione civile al Comune di Alba. Fondatore e presidente di ERICA soc. coop. azienda leader nella consulenza tecnica e comunicazione ambientale con oltre 1.500 amministrazioni pubbliche servite in Italia, Francia, Spagna, Belgio, Centro e Sud America e Africa. Dal 2002 presidente di AICA (Associazione Internazionale per la Comunicazione Ambientale). Dal giugno 2003 membro del consiglio direttivo dell’ACR+ (Association Cities and Regions for Recycling and Sustainable Management of Resources) di Bruxelles).</p>
<p>Autore di oltre 60 pubblicazioni sui temi ambientali e naturalistici, in particolare sulla gestione integrata dei rifiuti e la comunicazione ambientale. Relatore a oltre 120 convegni nazionali ed internazionali. Consulente di alcune trasmissioni radio televisive sui temi ambientali. Membro di alcuni comitati scientifici di progetti internazionali e riviste di settore. Valutatore esperto della Commissione europea per il 5° &#8211; 6° e 7° programma quadro di ricerca e sviluppo.</p>
<p><strong><em><br />
</em></strong></p>
<div></div>
<p><strong><em><a href="https://www.rifiutizerocapannori.it/rifiutizero/wp-content/uploads/2012/08/enzo.png"><img loading="lazy" decoding="async" class="alignleft size-full wp-image-253" title="enzo" src="https://www.rifiutizerocapannori.it/rifiutizero/wp-content/uploads/2012/08/enzo.png" alt="" width="130" height="173" /></a>Enzo Favoino</em> </strong>&#8211;<em>Scuola Agraria del Parco di Monza</em> | Viale Cavriga 3, 20052 Monza (MI) |E-mail: <a href="mailto:enzofavoino@alice.it">enzofavoino@alice.it</a><br />
Enzo Favoino, opera dal 1990 in qualità di tecnico e ricercatore presso la Scuola Agraria del Parco di Monza, un centro di ricerca che ha avuto un ruolo fondamentale in Italia ed Europa per lo sviluppo ed il consolidamento delle pratiche di raccolta differenziata, riciclaggio, compostaggio, riduzione. Assieme ai colleghi, ha progettato, realizzato e coordinato diversi programmi operativi nel settore della gestione sostenibile dei rifiuti, sviluppando strategie innovative per l&#8217;organizzazione dei circuiti di raccolta.</p>
<p>Da tempo ha portato le competenze e conoscenze sviluppate anche in ambito internazionale, operando per la definizione di strategie di sostenibilità, la realizzazione di circuiti pilota di raccolta differenziata e compostaggio, la definizione della legislazione di settore, la formazione di tecnici e decisori. E’ tra i fondatori dell’ECN (European Compost Network) ed è attualmente il coordinatore del Comitato Scientifico del Centro di Ricerca Rifiuti Zero. Per il ruolo innovatore nei sistemi di raccolta differenziata e riciclaggio, nel 2007 Favoino è stato inserito tra i 50 “Pionieri del Riciclo” scelti a livello nazionale, ricevendo il relativo premio.</p>
<p><strong> </strong></p>
<p><strong><em>Riccardo Pensa</em></strong> è dottore di ricerca in Storia e Sociologia della Modernità presso il Dipartimento di Scienze Politiche e Sociali dell’Università di Pisa. I suoi studi hanno riguardato consumismo, media, cultura di massa, movimenti controculturali. Lavora alla Fondazione Volontariato e Partecipazione dove si occupa di volontariato, protezione civile e tutela dell’ambiente.</p>
<p>&nbsp;</p>
<p><strong><em><img loading="lazy" decoding="async" class="alignleft size-full wp-image-254" title="raphael" src="https://www.rifiutizerocapannori.it/rifiutizero/wp-content/uploads/2012/08/raphael.png" alt="" width="200" height="164" />Raphael Rossi</em> </strong>è un tecnico che da anni si occupa di raccolte differenziate di rifiuti ed in particolare di raccolte domiciliari. In passato ha lavorato per la <strong>Scuola Agraria del Parco di Monza</strong>, mentre oggi è un tecnico della Esper, <strong>Ente di Studio per la Pianificazione Ecosostenibile dei Rifiuti</strong>.</p>
<p>Dal 2003 al 2010 è stato componente il CdA e poi vicepresidente della <strong>Amiat spa di Torino</strong>, che in quel periodo ha attivato sistemi di raccolta domiciliari per 410.000 abitanti e su questi ha raggiunto una media del 59% di RD portando la media cittadina al 43%.<br />
Raphael Rossi ha seguito l’attivazione di sistemi di raccolta domiciliari per le città di <strong>Asti</strong>, <strong>Alessandria</strong>, <strong>Bari</strong>, <strong>Savona</strong>, <strong>Trento</strong>,<strong>Torino</strong> e <strong>Roma</strong>, oltre a collaborare con numerose Regioni, Province, ATO e Consorzi. Quando nel 2007, nel pieno della emergenza rifiuti si è deciso di attivare la raccolta differenziata a Napoli egli è stato chiamato alla progettazione e ha collaborato alla attivazione dei primi 35.000 abitanti con risultati superiori al 70%.</p>
<p>&nbsp;</p>
<p><strong><em><img loading="lazy" decoding="async" class="alignleft size-full wp-image-255" title="andrea_segre" src="https://www.rifiutizerocapannori.it/rifiutizero/wp-content/uploads/2012/08/andrea_segre.png" alt="" width="130" height="178" />Andrea Segrè</em></strong> (Trieste, 1961) è un accademico, economista e agronomo italiano, docente di politica agraria, politiche dello sviluppo agricolo, e agricultural policies presso la Facoltà di Agraria e di Statistica dell&#8217;Università di Bologna.</p>
<p>Dopo essersi interessato all’analisi dei modelli di consumo e dei sistemi agroalimentari nelle economie occidentali si è occupato dei processi di transizione dall&#8217;economia pianificata a quella di mercato dei sistemi economico-agricoli nei paesi dell&#8217;ex socialismo reale, ricerca nella quale svolge un ruolo da capofila. Dal 1990 al 1999, ho rappresentato l’Italia all’OECD a Parigi. L&#8217;attività di ricerca ha negli anni spaziato, inoltre, in vari ambiti comprendendo lo studio e soprattutto la critica, come in “I signori della transizione” (Stampa alternativa 1999) e “Il laboratorio albanese” (Besa 1999), del sistema degli aiuti pubblici allo sviluppo agricolo alimentare internazionale. A partire dalla fine degli anni &#8217;90 ha concentrato la sua attività di analisi e di ricerca applicata nel campo degli sprechi di risorse nei paesi sviluppati e in via di sviluppo.</p>
<p>Quest&#8217;ultimo ambito di ricerca ha portato all&#8217;ideazione e alla promozione dei progetti <strong>Last Minute Market</strong> per il recupero a fini benefici dei prodotti alimentari e non alimentari invenduti, progetto che ha permesso a Segrè di indossare le vesti di capofila nella lotta allo spreco, come è stato definito in diversi servizi televisivi, radiofonici e in alcuni libri. Nel 2010 ha promosso le iniziative &#8220;Un anno contro lo spreco&#8221; patrocinate dal Parlamento Europeo, Commissione Agricoltura e Sviluppo Rurale: la prima giornata europea contro lo spreco è programmata a Bruxelles il 28 ottobre 2010 e si pone come obiettivo la sensibilizzazione dell&#8217;opinione pubblica europea sulle cause e le conseguenze dello spreco, sulle modalità per ridurlo e la promozione di una cultura orientata ai principi della sostenibilità. Nell&#8217;ambito dlle iniziative programmate è andata in scena -Spr+Eco, uno spettacolo teatrale di Andrea Segrè e Massimo Cirri, autore e conduttore di Caterpillar, spettacolo dedicato ai temi dello spreco quotidiano. La regia è di Angelo Generali, le canzoni di Marco Minna e le immagini di Altan. Lo spettacolo è andato in scena per la prima volta il 21 febbraio 2010 al salone del Podestà a Bologna.</p>
<p>&nbsp;</p>
<p>e <strong><em><strong><em><strong><em>Paolo Deganello, </em></strong>Paolo Guarnaccia, </em></strong>Michele Piccini.</em></strong></p>
<div><span style="color: #000000; font-family: 'Trebuchet MS', sans-serif; font-size: 11.818181991577148px; font-style: normal; line-height: 15.454545021057129px; background-color: #ffffff;"><br />
</span></div>

<p>Professor Paul Connett  &#8211; Presidente del Comitato Scientifico. Professore emerito dell&#8217;Università di San Lawrence (Canton-Stato di NY). Ha insegnato dal 1983 Chimica Generale Ambientale e Tossicologia. Ha prodotto pubblicazioni su importanti riviste scientifiche quali &#8220;Chemosfere&#8221; relative agli effetti tossici di diossine, furani e metalli pesanti. Ha pubblicato anche, proprio nel 2010, un lavoro scientifico relativo agli [&hellip;]</p>
